{"id":1739,"date":"2013-01-27T17:52:13","date_gmt":"2013-01-27T16:52:13","guid":{"rendered":"http:\/\/www.heljesten.nu\/?page_id=1739"},"modified":"2013-01-27T17:55:20","modified_gmt":"2013-01-27T16:55:20","slug":"akvarell-termin-4","status":"publish","type":"page","link":"https:\/\/www.heljesten.nu\/?page_id=1739","title":{"rendered":"Akvarell, termin 4"},"content":{"rendered":"<p>Termin 4 har just b\u00f6rjat (v\u00e5ren 2013). Men vid f\u00f6rsta kurstillf\u00e4llet m\u00e5lade jag s\u00e5 fula saker att de inte g\u00e5r att visa h\u00e4r. Hemma tog jag mig s\u00e5 i kragen och t\u00e4nkte att jag m\u00e5ste ju f\u00f6rs\u00f6ka g\u00f6ra n\u00e5t iallafall.<\/p>\n<p><strong>Djur<\/strong><\/p>\n<p>D\u00e5 blev det dessa f\u00e5glar.<\/p>\n<p style=\"text-align: center;\"><a href=\"http:\/\/www.heljesten.nu\/wp-content\/uploads\/2013\/01\/Fishy.jpg\"><img decoding=\"async\" loading=\"lazy\" class=\"aligncenter  wp-image-1742\" alt=\"Fishy\" src=\"http:\/\/www.heljesten.nu\/wp-content\/uploads\/2013\/01\/Fishy-1024x731.jpg\" width=\"448\" height=\"319\" srcset=\"https:\/\/www.heljesten.nu\/wp-content\/uploads\/2013\/01\/Fishy-1024x731.jpg 1024w, https:\/\/www.heljesten.nu\/wp-content\/uploads\/2013\/01\/Fishy-300x214.jpg 300w\" sizes=\"(max-width: 448px) 100vw, 448px\" \/><\/a><\/p>\n<p style=\"text-align: center;\"><em style=\"line-height: 1.4em;\">Fishy.\u00a0<\/em><\/p>\n<p style=\"text-align: center;\"><a href=\"http:\/\/www.heljesten.nu\/wp-content\/uploads\/2013\/01\/F\u00e5gelk\u00e4rve.jpg\"><img decoding=\"async\" loading=\"lazy\" class=\"aligncenter  wp-image-1741\" alt=\"F\u00e5gelk\u00e4rve\" src=\"http:\/\/www.heljesten.nu\/wp-content\/uploads\/2013\/01\/F\u00e5gelk\u00e4rve-817x1024.jpg\" width=\"448\" height=\"561\" srcset=\"https:\/\/www.heljesten.nu\/wp-content\/uploads\/2013\/01\/F\u00e5gelk\u00e4rve-817x1024.jpg 817w, https:\/\/www.heljesten.nu\/wp-content\/uploads\/2013\/01\/F\u00e5gelk\u00e4rve-239x300.jpg 239w\" sizes=\"(max-width: 448px) 100vw, 448px\" \/><\/a><\/p>\n<p style=\"text-align: center;\"><em>F\u00e5gelk\u00e4rve.\u00a0<\/em><\/p>\n<p>&nbsp;<\/p>\n","protected":false},"excerpt":{"rendered":"<p>Termin 4 har just b\u00f6rjat (v\u00e5ren 2013). Men vid f\u00f6rsta kurstillf\u00e4llet m\u00e5lade jag s\u00e5 fula saker att de inte g\u00e5r att visa h\u00e4r. Hemma tog jag mig s\u00e5 i kragen och t\u00e4nkte att jag m\u00e5ste ju f\u00f6rs\u00f6ka g\u00f6ra n\u00e5t iallafall. Djur D\u00e5 blev det dessa f\u00e5glar. Fishy.\u00a0 F\u00e5gelk\u00e4rve.\u00a0 &nbsp;<\/p>\n","protected":false},"author":1,"featured_media":0,"parent":1394,"menu_order":0,"comment_status":"open","ping_status":"open","template":"","meta":[],"_links":{"self":[{"href":"https:\/\/www.heljesten.nu\/index.php?rest_route=\/wp\/v2\/pages\/1739"}],"collection":[{"href":"https:\/\/www.heljesten.nu\/index.php?rest_route=\/wp\/v2\/pages"}],"about":[{"href":"https:\/\/www.heljesten.nu\/index.php?rest_route=\/wp\/v2\/types\/page"}],"author":[{"embeddable":true,"href":"https:\/\/www.heljesten.nu\/index.php?rest_route=\/wp\/v2\/users\/1"}],"replies":[{"embeddable":true,"href":"https:\/\/www.heljesten.nu\/index.php?rest_route=%2Fwp%2Fv2%2Fcomments&post=1739"}],"version-history":[{"count":3,"href":"https:\/\/www.heljesten.nu\/index.php?rest_route=\/wp\/v2\/pages\/1739\/revisions"}],"predecessor-version":[{"id":1746,"href":"https:\/\/www.heljesten.nu\/index.php?rest_route=\/wp\/v2\/pages\/1739\/revisions\/1746"}],"up":[{"embeddable":true,"href":"https:\/\/www.heljesten.nu\/index.php?rest_route=\/wp\/v2\/pages\/1394"}],"wp:attachment":[{"href":"https:\/\/www.heljesten.nu\/index.php?rest_route=%2Fwp%2Fv2%2Fmedia&parent=1739"}],"curies":[{"name":"wp","href":"https:\/\/api.w.org\/{rel}","templated":true}]}}