{"id":1381,"date":"2012-12-09T16:39:06","date_gmt":"2012-12-09T15:39:06","guid":{"rendered":"http:\/\/www.heljesten.nu\/?page_id=1381"},"modified":"2012-12-09T16:39:06","modified_gmt":"2012-12-09T15:39:06","slug":"akvarell-termin-1","status":"publish","type":"page","link":"https:\/\/www.heljesten.nu\/?page_id=1381","title":{"rendered":"Akvarell, termin 1"},"content":{"rendered":"<p>Under h\u00f6sten 2011 gick jag en nyb\u00f6rjarkurs i akvarellm\u00e5lning f\u00f6r Marianne Cheyet. Efter moget \u00f6verv\u00e4gande v\u00e5gar jag mig nu p\u00e5 att publicera de i mitt tycke b\u00e4sta alstren. Inte f\u00f6r att de alla \u00e4r superbra \u2013 tv\u00e4rtom, men de speglar min nuvarande niv\u00e5 med alla sina fel och brister. Och lite bra h\u00e4r och d\u00e4r. Vissa bilder \u00e4r m\u00e5lade p\u00e5 kursen, andra hemma, vissa med foto som fri f\u00f6rlaga.<\/p>\n<p>V\u00e5ren 2012 ska jag forts\u00e4tta med en ny kurs f\u00f6r att l\u00e4ra mig mer. Och innan dess plockar jag med mig akvarellf\u00e4rgerna till Mauritius, s\u00e5 f\u00e5r vi se om intresset h\u00e5ller i sig. Det kan allts\u00e5 eventuellt komma att publiceras mer h\u00e4r, men \u00e4n s\u00e5 l\u00e4nge \u00e4r det alstren fr\u00e5n h\u00f6sten som g\u00e4ller.<\/p>\n<p><a href=\"http:\/\/2.bp.blogspot.com\/-MsfGYnjtcp4\/TwB9ih6uQ8I\/AAAAAAAADjQ\/rBfcp23vqd0\/s1600\/akvarell-ht2011-22.jpg\"><img decoding=\"async\" loading=\"lazy\" src=\"http:\/\/2.bp.blogspot.com\/-MsfGYnjtcp4\/TwB9ih6uQ8I\/AAAAAAAADjQ\/rBfcp23vqd0\/s320\/akvarell-ht2011-22.jpg\" alt=\"\" width=\"320\" height=\"213\" border=\"0\" \/><\/a><\/p>\n<div>\n<p>F\u00f6rsta kursalstret.<\/p>\n<\/div>\n<div><\/div>\n<p><span>N\u00e5gra bilder som kan kvala in som h\u00f6stmotiv: <\/span><\/p>\n<p><a href=\"http:\/\/2.bp.blogspot.com\/-FdDSj9UgVnc\/TwB-BhKWl6I\/AAAAAAAADjk\/gU9WM5EV5Z4\/s1600\/akvarell-ht2011-20.jpg\"><img decoding=\"async\" loading=\"lazy\" src=\"http:\/\/2.bp.blogspot.com\/-FdDSj9UgVnc\/TwB-BhKWl6I\/AAAAAAAADjk\/gU9WM5EV5Z4\/s320\/akvarell-ht2011-20.jpg\" alt=\"\" width=\"320\" height=\"213\" border=\"0\" \/><\/a><\/p>\n<p><a href=\"http:\/\/3.bp.blogspot.com\/-KMMfkj_azJ4\/TwB-LX_BSqI\/AAAAAAAADjs\/sdnFdrBmPzk\/s1600\/akvarell-ht2011-19.jpg\"><img decoding=\"async\" loading=\"lazy\" src=\"http:\/\/3.bp.blogspot.com\/-KMMfkj_azJ4\/TwB-LX_BSqI\/AAAAAAAADjs\/sdnFdrBmPzk\/s320\/akvarell-ht2011-19.jpg\" alt=\"\" width=\"320\" height=\"213\" border=\"0\" \/><\/a><\/p>\n<p><a href=\"http:\/\/3.bp.blogspot.com\/-7V_m7jDcKzE\/TwB-y8f_1vI\/AAAAAAAADj4\/opgtxk2mbyU\/s1600\/akvarell-ht2011-18.jpg\"><img decoding=\"async\" loading=\"lazy\" src=\"http:\/\/3.bp.blogspot.com\/-7V_m7jDcKzE\/TwB-y8f_1vI\/AAAAAAAADj4\/opgtxk2mbyU\/s320\/akvarell-ht2011-18.jpg\" alt=\"\" width=\"320\" height=\"213\" border=\"0\" \/><\/a><\/p>\n<p><a href=\"http:\/\/1.bp.blogspot.com\/-_XIdzbSlfPc\/TwB_BE5pAvI\/AAAAAAAADkA\/VMYA6eeI8M8\/s1600\/akvarell-ht2011-17.jpg\"><img decoding=\"async\" loading=\"lazy\" src=\"http:\/\/1.bp.blogspot.com\/-_XIdzbSlfPc\/TwB_BE5pAvI\/AAAAAAAADkA\/VMYA6eeI8M8\/s320\/akvarell-ht2011-17.jpg\" alt=\"\" width=\"320\" height=\"213\" border=\"0\" \/><\/a><\/p>\n<p><a href=\"http:\/\/4.bp.blogspot.com\/-hp1c9Vxii1A\/TwCCrLUGC-I\/AAAAAAAADlU\/RVU-xsmLfRg\/s1600\/akvarell-ht2011-6.jpg\"><img decoding=\"async\" loading=\"lazy\" src=\"http:\/\/4.bp.blogspot.com\/-hp1c9Vxii1A\/TwCCrLUGC-I\/AAAAAAAADlU\/RVU-xsmLfRg\/s320\/akvarell-ht2011-6.jpg\" alt=\"\" width=\"320\" height=\"213\" border=\"0\" \/><\/a><\/p>\n<p><a href=\"http:\/\/4.bp.blogspot.com\/-SVKZIDlEG0g\/TwCCz1C2gOI\/AAAAAAAADlc\/mRVr-r6bisM\/s1600\/akvarell-ht2011-4.jpg\"><img decoding=\"async\" loading=\"lazy\" src=\"http:\/\/4.bp.blogspot.com\/-SVKZIDlEG0g\/TwCCz1C2gOI\/AAAAAAAADlc\/mRVr-r6bisM\/s320\/akvarell-ht2011-4.jpg\" alt=\"\" width=\"320\" height=\"213\" border=\"0\" \/><\/a><\/p>\n<p>&nbsp;<\/p>\n<p><span>Vintermotiv: <\/span><\/p>\n<p><a href=\"http:\/\/2.bp.blogspot.com\/-3YsbBmDBS-k\/TwB93O88yDI\/AAAAAAAADjc\/z1a3gEOjpAo\/s1600\/akvarell-ht2011-21.jpg\"><img decoding=\"async\" loading=\"lazy\" src=\"http:\/\/2.bp.blogspot.com\/-3YsbBmDBS-k\/TwB93O88yDI\/AAAAAAAADjc\/z1a3gEOjpAo\/s320\/akvarell-ht2011-21.jpg\" alt=\"\" width=\"320\" height=\"213\" border=\"0\" \/><\/a><\/p>\n<div>\u00a0<a href=\"http:\/\/1.bp.blogspot.com\/-efB4YHqU_YM\/TwB_2EkmZOI\/AAAAAAAADkU\/jiDdZkeJZ3Q\/s1600\/akvarell-ht2011-16.jpg\"><img decoding=\"async\" loading=\"lazy\" src=\"http:\/\/1.bp.blogspot.com\/-efB4YHqU_YM\/TwB_2EkmZOI\/AAAAAAAADkU\/jiDdZkeJZ3Q\/s320\/akvarell-ht2011-16.jpg\" alt=\"\" width=\"320\" height=\"213\" border=\"0\" \/><\/a><\/div>\n<p><a href=\"http:\/\/1.bp.blogspot.com\/-kqk58uJczP8\/TwCAABmxBjI\/AAAAAAAADkc\/NpbA5aTd73Y\/s1600\/akvarell-ht2011-12.jpg\"><img decoding=\"async\" loading=\"lazy\" src=\"http:\/\/1.bp.blogspot.com\/-kqk58uJczP8\/TwCAABmxBjI\/AAAAAAAADkc\/NpbA5aTd73Y\/s320\/akvarell-ht2011-12.jpg\" alt=\"\" width=\"320\" height=\"213\" border=\"0\" \/><\/a><\/p>\n<p><a href=\"http:\/\/4.bp.blogspot.com\/-fREq3a-JVgg\/TwCAIXC4iyI\/AAAAAAAADkk\/3KbOsi8KdLU\/s1600\/akvarell-ht2011-13.jpg\"><img decoding=\"async\" loading=\"lazy\" src=\"http:\/\/4.bp.blogspot.com\/-fREq3a-JVgg\/TwCAIXC4iyI\/AAAAAAAADkk\/3KbOsi8KdLU\/s320\/akvarell-ht2011-13.jpg\" alt=\"\" width=\"320\" height=\"213\" border=\"0\" \/><\/a><\/p>\n<div>\n<p>&nbsp;<\/p>\n<div>\n<p><span>Tr\u00e4dstudier: <\/span><\/p>\n<\/div>\n<div>\u00a0<a href=\"http:\/\/3.bp.blogspot.com\/-Ig4anfzDNpw\/TwCBvNmwzRI\/AAAAAAAADkw\/yzT_TnLtaI4\/s1600\/akvarell-ht2011-10.jpg\"><img decoding=\"async\" loading=\"lazy\" src=\"http:\/\/3.bp.blogspot.com\/-Ig4anfzDNpw\/TwCBvNmwzRI\/AAAAAAAADkw\/yzT_TnLtaI4\/s320\/akvarell-ht2011-10.jpg\" alt=\"\" width=\"320\" height=\"213\" border=\"0\" \/><\/a><\/div>\n<p><a href=\"http:\/\/2.bp.blogspot.com\/-5Wj7VbUz0HY\/TwCB4rjZOSI\/AAAAAAAADk4\/IyCQCVob4Gw\/s1600\/akvarell-ht2011-9.jpg\"><img decoding=\"async\" loading=\"lazy\" src=\"http:\/\/2.bp.blogspot.com\/-5Wj7VbUz0HY\/TwCB4rjZOSI\/AAAAAAAADk4\/IyCQCVob4Gw\/s320\/akvarell-ht2011-9.jpg\" alt=\"\" width=\"320\" height=\"213\" border=\"0\" \/><\/a><\/p>\n<p><a href=\"http:\/\/2.bp.blogspot.com\/-y2plYg6BhEc\/TwCCBU0bseI\/AAAAAAAADlA\/zGIQ-NhZVeU\/s1600\/akvarell-ht2011-8.jpg\"><img decoding=\"async\" loading=\"lazy\" src=\"http:\/\/2.bp.blogspot.com\/-y2plYg6BhEc\/TwCCBU0bseI\/AAAAAAAADlA\/zGIQ-NhZVeU\/s320\/akvarell-ht2011-8.jpg\" alt=\"\" width=\"320\" height=\"213\" border=\"0\" \/><\/a><\/p>\n<p><a href=\"http:\/\/3.bp.blogspot.com\/-AV_d7jF-7AE\/TwCCM4nTDDI\/AAAAAAAADlI\/a1UFaXUq7Vo\/s1600\/akvarell-ht2011-3.jpg\"><img decoding=\"async\" loading=\"lazy\" src=\"http:\/\/3.bp.blogspot.com\/-AV_d7jF-7AE\/TwCCM4nTDDI\/AAAAAAAADlI\/a1UFaXUq7Vo\/s320\/akvarell-ht2011-3.jpg\" alt=\"\" width=\"320\" height=\"213\" border=\"0\" \/><\/a><\/p>\n<div><\/div>\n<div>\n<p><span>Hus: <\/span><\/p>\n<\/div>\n<p><a href=\"http:\/\/3.bp.blogspot.com\/-2MHMD-vK52g\/TwCEVdRNvTI\/AAAAAAAADl8\/gaiYcEZxGEM\/s1600\/akvarell-ht2011-7.jpg\"><img decoding=\"async\" loading=\"lazy\" src=\"http:\/\/3.bp.blogspot.com\/-2MHMD-vK52g\/TwCEVdRNvTI\/AAAAAAAADl8\/gaiYcEZxGEM\/s320\/akvarell-ht2011-7.jpg\" alt=\"\" width=\"320\" height=\"213\" border=\"0\" \/><\/a><\/p>\n<p><a href=\"http:\/\/1.bp.blogspot.com\/-LVNZZR03T_k\/TwCEdFI8_lI\/AAAAAAAADmE\/I-iS_LUtqBo\/s1600\/akvarell-ht2011-14.jpg\"><img decoding=\"async\" loading=\"lazy\" src=\"http:\/\/1.bp.blogspot.com\/-LVNZZR03T_k\/TwCEdFI8_lI\/AAAAAAAADmE\/I-iS_LUtqBo\/s320\/akvarell-ht2011-14.jpg\" alt=\"\" width=\"320\" height=\"213\" border=\"0\" \/><\/a><\/p>\n<div>\n<p>Lite skeva hus p\u00e5 Gotland.<\/p>\n<\/div>\n<div><\/div>\n<div>\n<p><span>Vatten i r\u00f6rlig form \u2013 j\u00e4ttesv\u00e5rt, h\u00e4r har jag mycket att l\u00e4ra: <\/span><\/p>\n<\/div>\n<div>\u00a0<a href=\"http:\/\/2.bp.blogspot.com\/-7B9F7J-oGfg\/TwB_LE8sAHI\/AAAAAAAADkI\/-ZzdgP2bM4A\/s1600\/akvarell-ht2011-11.jpg\"><img decoding=\"async\" loading=\"lazy\" src=\"http:\/\/2.bp.blogspot.com\/-7B9F7J-oGfg\/TwB_LE8sAHI\/AAAAAAAADkI\/-ZzdgP2bM4A\/s320\/akvarell-ht2011-11.jpg\" alt=\"\" width=\"320\" height=\"213\" border=\"0\" \/><\/a><\/div>\n<\/div>\n<p><a href=\"http:\/\/3.bp.blogspot.com\/-p6yC8EDrJvM\/TwCDkW0BfwI\/AAAAAAAADlo\/6DRT5jhikqc\/s1600\/akvarell-ht2011-2.jpg\"><img decoding=\"async\" loading=\"lazy\" src=\"http:\/\/3.bp.blogspot.com\/-p6yC8EDrJvM\/TwCDkW0BfwI\/AAAAAAAADlo\/6DRT5jhikqc\/s320\/akvarell-ht2011-2.jpg\" alt=\"\" width=\"320\" height=\"213\" border=\"0\" \/><\/a><\/p>\n<div>\n<p>Mitt f\u00f6rsta f\u00f6rs\u00f6k att f\u00e5 till en v\u00e5g.<\/p>\n<\/div>\n<div>\u00a0<a href=\"http:\/\/4.bp.blogspot.com\/-670wHK8g3xE\/TwCDsdYuNiI\/AAAAAAAADlw\/dW6pjXn53v8\/s1600\/akvarell-ht2011-5.jpg\"><img decoding=\"async\" loading=\"lazy\" src=\"http:\/\/4.bp.blogspot.com\/-670wHK8g3xE\/TwCDsdYuNiI\/AAAAAAAADlw\/dW6pjXn53v8\/s320\/akvarell-ht2011-5.jpg\" alt=\"\" width=\"320\" height=\"213\" border=\"0\" \/><\/a><\/div>\n<p>Lakrits h\u00e4mtar in en fasan (fast det ser mest ut som en b\u00e4ver).<\/p>\n<p>&nbsp;<\/p>\n<p><span>Strandbilder \u2013 \u00f6vningar inf\u00f6r Mauritius: <\/span><\/p>\n<p><a href=\"http:\/\/3.bp.blogspot.com\/-0z6-IWptgV8\/TwCFNHKpEBI\/AAAAAAAADmQ\/mcMpDq75W3M\/s1600\/akvarell-ht2011-1.jpg\"><img decoding=\"async\" loading=\"lazy\" src=\"http:\/\/3.bp.blogspot.com\/-0z6-IWptgV8\/TwCFNHKpEBI\/AAAAAAAADmQ\/mcMpDq75W3M\/s320\/akvarell-ht2011-1.jpg\" alt=\"\" width=\"320\" height=\"213\" border=\"0\" \/><\/a><\/p>\n<p><a href=\"http:\/\/4.bp.blogspot.com\/-JWKKGkVA8UA\/TwCFUJ_J5MI\/AAAAAAAADmY\/ktbaW6pUDlM\/s1600\/akvarell-ht2011-15.jpg\"><img decoding=\"async\" loading=\"lazy\" src=\"http:\/\/4.bp.blogspot.com\/-JWKKGkVA8UA\/TwCFUJ_J5MI\/AAAAAAAADmY\/ktbaW6pUDlM\/s320\/akvarell-ht2011-15.jpg\" alt=\"\" width=\"320\" height=\"213\" border=\"0\" \/><\/a><\/p>\n<p>&nbsp;<\/p>\n","protected":false},"excerpt":{"rendered":"<p>Under h\u00f6sten 2011 gick jag en nyb\u00f6rjarkurs i akvarellm\u00e5lning f\u00f6r Marianne Cheyet. Efter moget \u00f6verv\u00e4gande v\u00e5gar jag mig nu p\u00e5 att publicera de i mitt tycke b\u00e4sta alstren. Inte f\u00f6r att de alla \u00e4r superbra \u2013 tv\u00e4rtom, men de speglar min nuvarande niv\u00e5 med alla sina fel och brister. Och lite bra h\u00e4r och d\u00e4r. [&hellip;]<\/p>\n","protected":false},"author":1,"featured_media":0,"parent":0,"menu_order":0,"comment_status":"open","ping_status":"open","template":"","meta":[],"_links":{"self":[{"href":"https:\/\/www.heljesten.nu\/index.php?rest_route=\/wp\/v2\/pages\/1381"}],"collection":[{"href":"https:\/\/www.heljesten.nu\/index.php?rest_route=\/wp\/v2\/pages"}],"about":[{"href":"https:\/\/www.heljesten.nu\/index.php?rest_route=\/wp\/v2\/types\/page"}],"author":[{"embeddable":true,"href":"https:\/\/www.heljesten.nu\/index.php?rest_route=\/wp\/v2\/users\/1"}],"replies":[{"embeddable":true,"href":"https:\/\/www.heljesten.nu\/index.php?rest_route=%2Fwp%2Fv2%2Fcomments&post=1381"}],"version-history":[{"count":1,"href":"https:\/\/www.heljesten.nu\/index.php?rest_route=\/wp\/v2\/pages\/1381\/revisions"}],"predecessor-version":[{"id":1382,"href":"https:\/\/www.heljesten.nu\/index.php?rest_route=\/wp\/v2\/pages\/1381\/revisions\/1382"}],"wp:attachment":[{"href":"https:\/\/www.heljesten.nu\/index.php?rest_route=%2Fwp%2Fv2%2Fmedia&parent=1381"}],"curies":[{"name":"wp","href":"https:\/\/api.w.org\/{rel}","templated":true}]}}